 = c + -2. Let p = -8 + m. Calculate z(p).
3
Let q(l) = l**2 + l. Let n be q(-1). Let w(z) = -2*z + 5*z + z + n*z. Give w(-1).
-4
Let u(a) = -4*a + 9. Let x(b) = 9*b - 19. Let p(t) = 5*u(t) + 2*x(t). Give p(6).
-5
Let q(x) = x**2 + 3*x - 7. Suppose -4*j + 3 = -1. Let v = j + 2. Let i be (-1)/1*15/v. Give q(i).
3
Suppose -2*y + 4*y = 0. Let a = -10 + y. Let g = a - -5. Let p(i) = i + 5. What is p(g)?
0
Let d(l) be the second derivative of l**3/3 - 5*l**2 - 39*l. What is d(9)?
8
Suppose -5*w = -8*u + 5*u - 5, w - 3*u = 1. Suppose -v + 8 = -0*v - 2*i, -v - w = i. Let l(k) = 3 + k**v + 0*k + k + 6. Calculate l(0).
9
Let z = -26 + 20. Let c(x) = x. Calculate c(z).
-6
Let s(v) = -v**3 + 3*v + 2. Let x = 16 - 18. Give s(x).
4
Let y(d) = 0*d + d**3 - 283 + 283 - 4*d + 2*d**2. Give y(-3).
3
Let t(n) = n**2 + 5*n. Let q(b) = -6*b**3 + b + 1. Let z(d) = 7*d**3 - 4 + d**2 + 0*d**2 + 2. Let c(u) = 6*q(u) + 5*z(u). Let j be c(6). Calculate t(j).
-4
Let a(k) = k**3 - 2. Let n(c) = c**3 + 11*c**2 + 10*c. Let d be n(-10). Let o = 2 + d. Determine a(o).
6
Suppose -2*m = -k, 0 = 4*m - k - 4 - 0. Let v(r) be the second derivative of 0 - 3/2*r**2 - 2/3*r**3 - m*r - 1/12*r**4. Calculate v(-2).
1
Let x(s) = s**2 - 3. Let z be x(-2). Let g(d) = 2*d**2 - d. Determine g(z).
1
Let k(q) be the second derivative of -q**4/12 - 3*q**3/2 - 3*q**2/2 + 11*q. What is k(-9)?
-3
Let k(j) = 4*j - 6. Let b(o) = -7*o + 11. Let z(i) = 3*b(i) + 5*k(i). Suppose -9*v + 7*v = 6. Give z(v).
6
Let g(t) = 20*t**2 + 4*t + 32. Let z(b) = -7*b**2 - b - 11. Let i(c) = -6*g(c) - 17*z(c). What is i(-5)?
5
Let d(p) = -5*p + 3*p**2 + p**3 + 2*p - 6*p**2. Let q be 4/(-10) - 12/20. Let i(n) = -5*n**3 - 1. Let v be i(q). What is d(v)?
4
Suppose -3*p + 15 = 0, 17 + 8 = 2*b + 3*p. Let y(f) = 4*f - f**3 + 3*f - 4*f**2 - f + b. Let c = 10 - 15. Give y(c).
0
Let u(r) = r**3 - 3*r**2 - 5*r - 1. Let h = 3 + 9. Let p be (2 + 1)*16/(-6). Let a = p + h. What is u(a)?
-5
Suppose 6*r - 5 = -4*v + 3*r, 5*r = -3*v - 10. Suppose 3*h - 4 = v*q, q - 5*h - 6 = 2. Let y(c) = 2*c + 0*c + c**2 + 2 - 3. What is y(q)?
-1
Let t(x) be the first derivative of -x**4/4 + 2*x**3/3 + x**2/2 + 4*x + 1. Determine t(3).
-2
Suppose -z = 3*z - 20. Let b(s) = 6*s - 6. Let h(c) = 7*c - 7. Let f(k) = z*h(k) - 6*b(k). Determine f(5).
-4
Let p(a) = -7*a + 8. Let h(g) be the first derivative of 4*g**2 - 9*g + 6. Let s(f) = -6*h(f) - 7*p(f). Give s(6).
4
Let o(a) = -3 + 6*a**3 - 5*a**3 - 4 + a**2. Give o(0).
-7
Let w(j) = j**2 - 1. Suppose 0 = -2*h - 19 + 15. Calculate w(h).
3
Let b(x) = x**3 - 3*x**2 + 4*x - 3. Let j(m) = -2*m + 2. Let u be j(4). Let t be (-8)/u - 3/9. Suppose 0 = a - t - 1. Determine b(a).
1
Let c(u) = 4*u + u - 3*u. Suppose -5*v = -m - m - 10, -3*m - 15 = 0. Suppose a = -v + 4. Give c(a).
8
Let h(d) = 18*d + 6 - 37*d + 20*d + 11. What is h(-7)?
10
Suppose 0 = -0*h + 2*h - 4. Suppose 3*d = 5 - 2. Let f(t) = 4 + 2*t**2 - 4 - d. Calculate f(h).
7
Let l(r) = -r**2. Let o be l(-1). Let m = o + 2. Let p(y) = 2*y**2 - 5*y - 4. Let u(g) = -g**2 + 6*g + 5. Let s(v) = 5*p(v) + 4*u(v). Calculate s(m).
5
Let y(c) be the second derivative of -1/20*c**5 + 5/6*c**3 + 1/12*c**4 + c + 0 - 2*c**2. Determine y(3).
-7
Let j = -11 + 10. Let u(c) = -4*c**3 - c**2 - 2*c - 1. Calculate u(j).
4
Let v(t) = -2*t + 9. Let d be v(6). Let w(k) be the first derivative of k**2 + 0*k + 1/3*k**3 - 2. Calculate w(d).
3
Let t(x) be the first derivative of -6*x - 7/2*x**2 + 4 - 1/3*x**3. Give t(-6).
0
Let u be ((-2)/(-5))/(3/45). Let b(s) be the third derivative of s**4/8 - s**3 - 111*s**2. Determine b(u).
12
Let x(w) be the first derivative of -w**3 - 2*w**2 - 2*w + 2. Determine x(-2).
-6
Let g(v) = -v**2 + 9*v - 5. Let n(h) = h**3 + 12*h**2 - 2*h - 18. Let f be n(-12). Calculate g(f).
13
Let c(r) = -7*r**3 - 3*r**2 + 7*r + 3. Let k(v) = 2*v**2 - v**2 - 4*v + 0*v**3 - 2 + 2*v**3 + 2*v**3. Let f(y) = 3*c(y) + 5*k(y). Give f(-4).
-5
Suppose 1 = 3*c - 11. Let s(t) = -2*t**2 + c*t + 0*t**2 - 4 - t**3 + 7. Suppose -5*o + 6 = -7*o. Calculate s(o).
0
Let y(j) = j**3 + j**2 + 3. Let t(b) = b**2 + 0*b**2 + 0*b**2. Let i be t(0). Suppose -5*p = -5*u + 2*u, i = -p - 5*u. Determine y(p).
3
Let i(b) = -3*b**2 + 1. Let f be (-2)/2 - (-5 - -3). Give i(f).
-2
Let j(b) = -2*b**2 + 3*b - 1. Suppose 0 = -3*u - d + 34, u - 4*d = -d + 8. Let p(t) = -t**3 + 11*t**2 + t - 8. Let l be p(u). Determine j(l).
-10
Let v be ((-68)/10)/((-8)/20). Suppose 0 = -2*d + 3*z - v, 3*z - 11 = -4*d. Let t(w) = 3*w. Determine t(d).
-3
Let j be (1/(-2))/(5/10). Let l = j - 4. Let g(o) = -o - 7. What is g(l)?
-2
Let k = 76 + -71. Let b(j) = 4*j - 1. Calculate b(k).
19
Let g be (-12)/20 + 2/(-5). Let l(j) = 6*j**3 + 1. Calculate l(g).
-5
Let y be 0 + (2 - 2) + -1. Let h = -3 - y. Let z(x) = 2*x + 3. Let c(b) = -4*b - 6. Let k(j) = -4*c(j) - 7*z(j). Calculate k(h).
-1
Let v(x) = -x + 4. Let l be v(6). Let t(b) be the third derivative of b**6/120 + b**5/20 - b**3/3 + 4*b**2. Give t(l).
2
Let x(g) = -5*g + 3*g + g - 3. Let z = 5 + -1. Suppose 4*c = -z*n - 28, 3 + 8 = -n - 3*c. What is x(n)?
2
Let b = -3 + 3. Let l(j) = b*j + 6*j**2 - 138 + 2*j + 139. Determine l(-1).
5
Let v(f) be the first derivative of -f**4/4 + f**3 - f**2/2 + 2*f - 7. Calculate v(3).
-1
Let l(r) = -r**2 + 3*r + 3. Let z = 1 + 1. Let i be -1 + (0 - (2 - z)). Let w be 1/i - -2 - 3. Determine l(w).
-7
Let u(y) be the second derivative of -y**5/20 + y**4/4 + 5*y**3/6 - y. Suppose 8 = -4*j - 16. Let a be (15/j + 2)*-8. Determine u(a).
4
Let u = 3 - 8. Let d(v) = 3*v + 8 - 8 + 4. Calculate d(u).
-11
Let u(m) = m**3 - m**2 + 2*m + 14. Let j be u(0). Let p = 13 - j. Let s(x) = x. Calculate s(p).
-1
Suppose -q + 10 = 4*u, -5*u - 2*q = -14 + 3. Let h = u + -4. Let r(a) = 2*a**3 + a. Give r(h).
-3
Let g(o) = 9*o**2 + 1. Let i(f) be the second derivative of f**4/12 + 5*f**3/6 + 3*f**2/2 + f. Let s be i(-4). What is g(s)?
10
Let q(k) be the third derivative of -1/60*k**6 + 2*k**2 + 1/15*k**5 + 0*k + 0 - 1/8*k**4 + 1/6*k**3. Determine q(2).
-5
Let u be (1 - (-2)/10)*-5. Let r be (u/(-8) - 2)*4. Let a = r + 0. Let v(h) = -3*h - 7. Determine v(a).
8
Let l(i) = -i**3 + 5*i**2 + 5. Let f be l(5). Let h(o) = 4 - o**3 - 6 - 3*o - 2 + 5*o + 5*o**2. Give h(f).
6
Let n(f) be the first derivative of f**2 + 5*f - 3. Give n(-6).
-7
Let g(t) = t**2 + 21*t + 14*t - 31*t. Calculate g(-4).
0
Let d(k) be the first derivative of -1/2*k**2 - 10*k - 2. Let q = -13 + 8. Determine d(q).
-5
Let b(a) = a**2 + 6*a + 1. Suppose 2*j = 3*j - 12. Suppose 2*p + j + 0 = 0. Calculate b(p).
1
Let s = -21 - -18. Let d(t) = -t - 4. What is d(s)?
-1
Let w(a) = -2*a - 3. Let i = 12 - 21. Let t = 6 + i. What is w(t)?
3
Suppose -8 - 2 = 5*w. Let z(p) be the first derivative of p**3/3 - p**2/2 - p - 1. Determine z(w).
5
Let x = 1 - 0. Let s = 0 + x. Let l(b) = -4*b**3 + b**3 - 3*b + 2*b**3 + 5*b**2 - s. Give l(4).
3
Let n(z) be the second derivative of -1/2*z**2 + 1/6*z**3 + 1/4*z**4 + 0 + 1/20*z**5 + 3*z. Let p = -8 - -5. What is n(p)?
-4
Let r be (3 + 0)/(3 - -1 - 5). Let w(u) = 2*u - 1. What is w(r)?
-7
Let r = 2 + -2. Let g = r - -3. Let k(m) = 25 + m**2 - 41 - m**3 + 3*m + 0*m**3 + 19. What is k(g)?
-6
Suppose 0 = 3*o - o - 6. Let b(y) = -3*y + 1 - o + y**3 + 0*y**3 - 3*y**2. Let z be ((-88)/(-55))/(2/5). What is b(z)?
2
Let x(h) = -5*h**3 - 9*h + 1. Let q(k) = 9*k**3 + k**2 + 17*k - 1. Let z(b) = 4*q(b) + 7*x(b). Suppose 0 = -0*g - 5*g - 15. What is z(g)?
-3
Let d(o) = o**2 - 4*o - 4. Suppose -5*z = 2*g + 2*g - 408, 3*g - 327 = -4*z. Let c be 2/(-10) - z/(-20). Determine d(c).
-4
Let d(a) = -a - 9. Let o = 13 + -12. Let m be 108/(-24) + o/(-2). Determine d(m).
-4
Let u(o) = 2*o + 5. Let b(v) = -v**3 - 5*v**2 - 4*v + 3. Let z be b(-4). Suppose z*x - 6 = 3. Let q(j) = j + 4. Let m(t) = x*u(t) - 4*q(t). What is m(5)?
9
Let h(q) = q**2 + 3*q + 2. Suppose g + 3*g = 16. Suppose 4*i - g = -12. Let a be h(i). Let s(j) = -j**2 - j - 3. Determine s(a).
-3
Let f be 14/4 - 4/8. Let k(d) = 2*d + 1 + 2*d - f*d + 0. What is k(0)?
1
Let d be (-76)/(-10) - 6/10. Let m = d + -4. Let p(c) = -2*c**2 + 4. Let o(w) = -4*w**2 + w + 8. Let t(g) = 3*o(g) - 5*p(g). What is t(m)?
-5
Let n(g) = 6*g**3 + g**2 - 1. Let v(l) = 5*l**3. Let j(i) = -6*n(i) + 7*v(i). What is j(-6)?
6
Let g(n) = -1 - 2*n**2 + 